{"id":831,"date":"2024-04-24T11:24:39","date_gmt":"2024-04-24T14:24:39","guid":{"rendered":"https:\/\/bioinsumoslivingsoil.com\/?post_type=product&#038;p=831"},"modified":"2025-03-04T16:21:42","modified_gmt":"2025-03-04T19:21:42","slug":"sugar-living-soil","status":"publish","type":"product","link":"https:\/\/bioinsumoslivingsoil.com\/?product=sugar-living-soil","title":{"rendered":"Sugar Living Soil 500cc"},"content":{"rendered":"<div class=\"wp-block-media-text alignwide is-stacked-on-mobile\">\n<div class=\"wp-block-media-text__content\">\n<p>\u2013 Producto 100% Org\u00e1nico: Melaza de Ca\u00f1a con Miel y Arrope.<\/p>\n<p>\u2013 Enriquecida con microorganismos, es un digerido enzim\u00e1tico y de bacterias en Melaza. Presenta levadura, vitaminas y amino\u00e1cidos de alto espectro.<\/p>\n<p>Los amino\u00e1cidos mejoran la formaci\u00f3n de prote\u00ednas y las vitaminas son compuestos necesarios para el correcto funcionamiento en el metabolismo de las plantas.<\/p>\n<p>-Aumenta el tama\u00f1o del fruto e incrementa la producci\u00f3n de terpenos mejorando el aroma y sabor del producto final.<\/p>\n<\/div>\n<\/div>\n<p>&nbsp;<\/p>\n<p>\u2013 No sulfurada a diferencia de otras melazas del mercado.<\/p>\n<p>\u2013 Alimenta los microorganismos ben\u00e9ficos del sustrato, los cuales trabajan para una mejor asimilaci\u00f3n de los nutrientes en las plantas.<\/p>\n<p>\u2013 Compatible para producci\u00f3n bioinsumos\/enmiendas org\u00e1nicas al aumentar la actividad de los microorganismos acelerando los procesos en los mismos.<\/p>\n<p>\u2013 Macronutrientes: Nitr\u00f3geno (N) 13 gr\/L, Fosforo (P) 0.3 gr\/L, Potasio (K) 118 gr\/L.<\/p>\n<p>\u2013 Micronutrientes: Calcio (Ca) 13 gr\/L, Carbono (C) 125 gr\/L, y Hierro (Fe) 5 gr\/L.<\/p>\n<ul>\n<li>\u00a0Aplicaci\u00f3n:<\/li>\n<\/ul>\n<p>Se puede comenzar a aplicar desde los 7 d\u00edas de nacimiento de la pl\u00e1ntula hasta incluso la \u00faltima semana de cosecha ya que es un producto 100% org\u00e1nico que cumple con todas las normas de bioseguridad para cultivos comestibles y\/o medicinales. Se recomienda aprovechar su uso en cada preparado de Work of Worms, Guano Mix, M.E.N. , Bokashi-MEN y Humus Tea. En caso de aplicar s\u00f3lo realizarlo una vez por semana.<\/p>\n<ul>\n<li>\u00a0Dosis:<\/li>\n<\/ul>\n<p>\u2013 2 a 4 cc de Sugar Living Soil por cada (1) Litro de agua.<\/p>\n<p>Agitar bien antes de usar.<\/p>\n<ul>\n<li>Envases Disponibles:<\/li>\n<\/ul>\n<p>\u2013 200 cc : 350-400 gr aproximadamente<\/p>\n<p>\u2013 500 cc : 700-800 gr aproximadamente<\/p>\n","protected":false},"excerpt":{"rendered":"<p>\u2013 Producto 100% Org\u00e1nico: Melaza de Ca\u00f1a con Miel y Arrope.<\/p>\n","protected":false},"featured_media":315,"comment_status":"open","ping_status":"closed","template":"","meta":[],"product_cat":[17,18],"product_tag":[],"_links":{"self":[{"href":"https:\/\/bioinsumoslivingsoil.com\/index.php?rest_route=\/wp\/v2\/product\/831"}],"collection":[{"href":"https:\/\/bioinsumoslivingsoil.com\/index.php?rest_route=\/wp\/v2\/product"}],"about":[{"href":"https:\/\/bioinsumoslivingsoil.com\/index.php?rest_route=\/wp\/v2\/types\/product"}],"replies":[{"embeddable":true,"href":"https:\/\/bioinsumoslivingsoil.com\/index.php?rest_route=%2Fwp%2Fv2%2Fcomments&post=831"}],"wp:featuredmedia":[{"embeddable":true,"href":"https:\/\/bioinsumoslivingsoil.com\/index.php?rest_route=\/wp\/v2\/media\/315"}],"wp:attachment":[{"href":"https:\/\/bioinsumoslivingsoil.com\/index.php?rest_route=%2Fwp%2Fv2%2Fmedia&parent=831"}],"wp:term":[{"taxonomy":"product_cat","embeddable":true,"href":"https:\/\/bioinsumoslivingsoil.com\/index.php?rest_route=%2Fwp%2Fv2%2Fproduct_cat&post=831"},{"taxonomy":"product_tag","embeddable":true,"href":"https:\/\/bioinsumoslivingsoil.com\/index.php?rest_route=%2Fwp%2Fv2%2Fproduct_tag&post=831"}],"curies":[{"name":"wp","href":"https:\/\/api.w.org\/{rel}","templated":true}]}}