{"id":792,"date":"2023-08-18T16:40:43","date_gmt":"2023-08-18T19:40:43","guid":{"rendered":"https:\/\/bioinsumoslivingsoil.com\/?post_type=product&#038;p=792"},"modified":"2024-04-28T14:55:26","modified_gmt":"2024-04-28T17:55:26","slug":"work-of-worms","status":"publish","type":"product","link":"https:\/\/bioinsumoslivingsoil.com\/?product=work-of-worms","title":{"rendered":"work of worms"},"content":{"rendered":"<div class=\"wp-block-columns is-layout-flex wp-container-2\">\n<div class=\"wp-block-column is-layout-flow\">\n<div class=\"wp-block-media-text alignwide is-stacked-on-mobile\">\n<div class=\"wp-block-media-text__content\">\n<ul>\n<li>Producto 100% Org\u00e1nico: Bi\u00f3l elaborado a partir de Lixiviado de nuestro Lombricompost rico en materia org\u00e1nica, \u00e1cidos h\u00famicos, f\u00falvicos, macronutrientes y microorganismos. El mismo es mejorado con un agregado de extracto de plantas recolectadas del monte nativo del cuyo (Diente de Leon \u2013 Taraxacum , Ortiga \u2013 Urtica , Llanten \u2013 Plantago, etc), Calcio Soluble (WCaS), Extracto H\u00famico (Hum\u00e1to) rico en Nitr\u00f3geno (N) y Potasio (K), Bacterias Acido L\u00e1cticas (LAB), y MEN (Microorganismos Eficientes Nativos).<\/li>\n<\/ul>\n<\/div>\n<\/div>\n<\/div>\n<\/div>\n<p>-El Lixiviado es obtenido a partir de Lombrices Rojas Californianas (Eisenia) que descomponen la materia org\u00e1nica (Guano de Cabra principalmente). Los animales que aportan la materia org\u00e1nica (Guano) a las lombrices son alimentados de manera natural, es decir, a monte. Sin aditivos en la alimentaci\u00f3n que puedan alterar el producto final. Garantizando un producto 100% Agroecol\u00f3gico. El mismo es usado como base en la fermentaci\u00f3n anaer\u00f3bica y mejorado con el objetivo de lograr un optimo producto destinado a la etapa vegetativa\/crecimiento.<br \/>\nLas plantas recolectadas del monte nativo producen una mayor resistencia de las plantas frente a plagas y pat\u00f3genos ademas de aportar vitaminas. El extracto h\u00famico (Hum\u00e1to) ofrece mayor disponibilidad de \u00e1cidos h\u00famicos y f\u00falvicos, adem\u00e1s de aportar gran cantidad de Nitr\u00f3geno (N) y Potasio (K).<br \/>\nEl Calcio Soluble es obtenido de cascaras de huevos de producci\u00f3n regenerativa a campo con gallinas de libre pastoreo, los mismos son carbonizados y solubilizados en nuestro vinagre (T\u00e9cnica KNF).<br \/>\nFinalmente todo es inoculado con Bacterias Acido L\u00e1cticas (LAB) y Microorganismo Eficientes Nativos (MEN) antes de ser colocado en el Biofermentador de sistema cerrado que permite la salida del CO2 sin permitir la entrada de O2.<\/p>\n<ul>\n<li>Su formula \u00fanica en el mercado permite aportar nutrientes directamente asimilables para las plantas de manera natural\/ecol\u00f3gica. Presentando una r\u00e1pida asimilaci\u00f3n de los mismos.<\/li>\n<li>Otorga mayor resistencia contra las plagas y pat\u00f3genos<\/li>\n<li>Regula el PH del sustrato.<\/li>\n<li>Aporta tanto Macronutrientes (N, P y K) , Materia Org\u00e1nica y Microorganismos.<\/li>\n<li>NPK promedio 5\/3\/4<\/li>\n<li>No sobrefertiliza ni quema las plantas.<\/li>\n<li>Funciona para recuperar suelos que presentan poca materia org\u00e1nica disponible para ser asimilada.<\/li>\n<li>Rico en \u00e1cidos H\u00famicos y F\u00falvicos, quienes estimulan el crecimiento de la ra\u00edz.<\/li>\n<\/ul>\n<p>Aplicaci\u00f3n:<\/p>\n<ul>\n<li>Agitar bien antes de cada uso<\/li>\n<li>A partir de los 7 d\u00edas del nacimiento de la pl\u00e1ntula. Aplicando cada 7 d\u00edas aproximadamente , dependiendo de el requerimiento nutricional del cultivo a realizar.<\/li>\n<li>Foliar: Aplicar de manera foliar\/pulverizado hasta el comienzo de armado de los frutos (Prefloraci\u00f3n).<\/li>\n<li>Riego: Se puede aplicar en riego hasta 10 d\u00edas antes de cosechar en caso de no utilizar un fertilizante espec\u00edfico de floraci\u00f3n (Boost Friut).<br \/>\nDosis:<\/li>\n<li>10 a 20 cc de Work of Worms por cada (1) Litro de agua sin cloro.<\/li>\n<\/ul>\n<p>Se puede optar por agregar 2 cc de Sugar Living Soil , dejar reposar el preparado mas de 12 hs sin exposici\u00f3n directa de la luz, con aireador y\/o bomba de agua que permita oxigenar el preparado.<\/p>\n<p>Envases Disponibles:<\/p>\n<ul>\n<li>200 cc: 250-300 gr aprox.<\/li>\n<li>500 cc: 500-600 gr aprox.<\/li>\n<\/ul>\n","protected":false},"excerpt":{"rendered":"<ul>\n<li>Producto 100% Org\u00e1nico: Bi\u00f3l elaborado a partir de Lixiviado de nuestro Lombricompost rico en materia org\u00e1nica, \u00e1cidos h\u00famicos, f\u00falvicos, macronutrientes y microorganismos. El mismo es mejorado con un agregado de extracto de plantas recolectadas del monte nativo del cuyo (Diente de Leon \u2013 Taraxacum , Ortiga \u2013 Urtica , Llanten \u2013 Plantago, etc), Calcio Soluble (WCaS), Extracto H\u00famico (Hum\u00e1to) rico en Nitr\u00f3geno (N) y Potasio (K), Bacterias Acido L\u00e1cticas (LAB), y MEN (Microorganismos Eficientes Nativos).<\/li>\n<\/ul>\n","protected":false},"featured_media":308,"comment_status":"open","ping_status":"closed","template":"","meta":[],"product_cat":[17,18],"product_tag":[],"_links":{"self":[{"href":"https:\/\/bioinsumoslivingsoil.com\/index.php?rest_route=\/wp\/v2\/product\/792"}],"collection":[{"href":"https:\/\/bioinsumoslivingsoil.com\/index.php?rest_route=\/wp\/v2\/product"}],"about":[{"href":"https:\/\/bioinsumoslivingsoil.com\/index.php?rest_route=\/wp\/v2\/types\/product"}],"replies":[{"embeddable":true,"href":"https:\/\/bioinsumoslivingsoil.com\/index.php?rest_route=%2Fwp%2Fv2%2Fcomments&post=792"}],"wp:featuredmedia":[{"embeddable":true,"href":"https:\/\/bioinsumoslivingsoil.com\/index.php?rest_route=\/wp\/v2\/media\/308"}],"wp:attachment":[{"href":"https:\/\/bioinsumoslivingsoil.com\/index.php?rest_route=%2Fwp%2Fv2%2Fmedia&parent=792"}],"wp:term":[{"taxonomy":"product_cat","embeddable":true,"href":"https:\/\/bioinsumoslivingsoil.com\/index.php?rest_route=%2Fwp%2Fv2%2Fproduct_cat&post=792"},{"taxonomy":"product_tag","embeddable":true,"href":"https:\/\/bioinsumoslivingsoil.com\/index.php?rest_route=%2Fwp%2Fv2%2Fproduct_tag&post=792"}],"curies":[{"name":"wp","href":"https:\/\/api.w.org\/{rel}","templated":true}]}}