{"id":558,"date":"2023-05-08T19:39:11","date_gmt":"2023-05-08T22:39:11","guid":{"rendered":"https:\/\/bioinsumoslivingsoil.com\/?page_id=558"},"modified":"2023-05-08T19:45:59","modified_gmt":"2023-05-08T22:45:59","slug":"preguntas-frecuentes","status":"publish","type":"page","link":"https:\/\/bioinsumoslivingsoil.com\/?page_id=558","title":{"rendered":"Preguntas Frecuentes"},"content":{"rendered":"<div data-colibri-id=\"558-c1\" class=\"style-535 style-local-558-c1 position-relative\">\n  <!---->\n  <div data-colibri-component=\"section\" data-colibri-id=\"558-c40\" id=\"custom\" class=\"h-section h-section-global-spacing d-flex align-items-lg-center align-items-md-center align-items-center style-550 style-local-558-c40 position-relative\">\n    <!---->\n    <!---->\n    <div class=\"h-separator\" style=\"height: 100px; bottom: calc(0px);\">\n      <svg style=\"fill:#00bf87;transform:rotateX(180deg);\" xmlns=\"http:\/\/www.w3.org\/2000\/svg\" viewBox=\"0 0 1000 100\" preserveAspectRatio=\"none\">\n        <g opacity=\"0.33\">\n          <path d=\"M385.42,52.92c-11.63,4.22-23.18,9-34.52,14.38-103.18,49-91.83-33.55-148.36-.49,50.13,17.35,121.87,64.84,270.46.49,11-4.7,64.52-25.43,118-41.8-4-.52-8.45-.95-13.41-1.28C507.83,41.64,455.4,71.84,385.42,52.92Z\" transform=\"translate(0 0)\" style=\"isolation:isolate\"><\/path>\n          <path d=\"M0,59.7S48.08,103,116.06,83.43C54.25,76.6,0,39.8,0,39.8Z\" transform=\"translate(0 0)\" style=\"isolation:isolate\"><\/path>\n          <path d=\"M916.4,48.1c-55.76,5.45-76.83,2-111.28-7.81-3.09,1.4-6.07,2.81-9,4.22,13.93,8.57,25.54,16.74,33.15,22.39,13,9.8,43,25.4,75.8,22.1S1000,59.7,1000,59.7V36.5s-6.87-4.5-21.48-9.06C966,36.56,946.56,45.15,916.4,48.1Z\" transform=\"translate(0 0)\" style=\"isolation:isolate\"><\/path>\n        <\/g>\n        <g opacity=\"0.66\">\n          <path d=\"M771.65,30.49,766.1,28.9c-55-15.81-99.84-18-138.66-13.76a368.79,368.79,0,0,0-49.81,9.08c5,.33,9.44.76,13.41,1.28a89.13,89.13,0,0,1,13.86,2.7C656.8,44.1,688.5,67.3,734,67.3c19.82,0,38-11.12,62.15-22.79,2.9-1.41,5.88-2.82,9-4.22C795.39,37.52,784.59,34.23,771.65,30.49Z\"\n            transform=\"translate(0 0)\"><\/path>\n          <path d=\"M371,48.4C242,1.8,242,5.4,184.8,20.6,128,35.8,132.3,44.9,89.9,52.5,28.6,63.7,0,0,0,0V39.8S54.25,76.6,116.06,83.43c28.46,3.15,58.53-.05,85.64-16.13l.84-.49c56.53-33.06,45.18,49.44,148.36.49,11.34-5.38,22.89-10.16,34.52-14.38Q378.34,51,371,48.4Z\"\n            transform=\"translate(0 0)\"><\/path>\n          <path d=\"M978.52,27.44C993.13,32,1000,36.5,1000,36.5V0S996.54,14.27,978.52,27.44Z\" transform=\"translate(0 0)\"><\/path>\n        <\/g>\n        <path d=\"M0,0S28.6,63.7,89.9,52.5c42.4-7.6,38.1-16.7,94.9-31.9C242,5.4,242,1.8,371,48.4q7.33,2.61,14.42,4.52c70,18.92,122.41-11.28,192.21-28.7a368.79,368.79,0,0,1,49.81-9.08c38.82-4.21,83.68-2.05,138.66,13.76l5.55,1.59c12.94,3.74,23.74,7,33.47,9.8,34.45,9.83,55.52,13.26,111.28,7.81,30.16-3,49.63-11.54,62.12-20.66C996.54,14.27,1000,0,1000,0Z\"\n          transform=\"translate(0 0)\"><\/path>\n      <\/svg>\n    <\/div>\n    <div class=\"h-section-grid-container h-section-boxed-container\">\n      <!---->\n      <div data-colibri-id=\"558-c46\" class=\"h-row-container gutters-row-lg-2 gutters-row-md-2 gutters-row-0 gutters-row-v-lg-2 gutters-row-v-md-2 gutters-row-v-2 style-556 style-local-558-c46 position-relative\">\n        <!---->\n        <div class=\"h-row justify-content-lg-center justify-content-md-center justify-content-center align-items-lg-stretch align-items-md-stretch align-items-stretch gutters-col-lg-2 gutters-col-md-2 gutters-col-0 gutters-col-v-lg-2 gutters-col-v-md-2 gutters-col-v-2\">\n          <!---->\n          <div class=\"h-column h-column-container d-flex h-col-lg-auto h-col-md-auto h-col-auto style-557-outer style-local-558-c47-outer\">\n            <div data-colibri-id=\"558-c47\" class=\"d-flex h-flex-basis h-column__inner h-px-lg-2 h-px-md-2 h-px-2 v-inner-lg-2 v-inner-md-2 v-inner-2 style-557 style-local-558-c47 position-relative\">\n              <!---->\n              <!---->\n              <div class=\"w-100 h-y-container h-column__content h-column__v-align flex-basis-100 align-self-lg-start align-self-md-start align-self-start\">\n                <!---->\n                <div data-colibri-id=\"558-c48\" class=\"h-text h-text-component style-558 style-local-558-c48 position-relative h-element\">\n                  <!---->\n                  <!---->\n                  <div class=\"\">\n                    <p>\u00bfEs necesario utilizar todo el kit de productos Bioinsumos Living Soil?<\/p>\n                    <p>No siempre es necesario usar todos los productos (Kit completo) , todo va a depender de el requerimiento de cada tipo de cultivo. Los 2 productos base son Guano Mix y Bokashi-MEN, con ambos es posible llevar a cabo un cultivo con \u00f3ptimos\n                      rendimientos desde la germinaci\u00f3n hasta la cosecha. <\/p>\n                    <p>Luego el resto de productos son aditivos y bioestimulantes espec\u00edficos para llevar cada cultivo a su m\u00e1ximo rendimiento. Claramente al usar todos los productos el resultado siempre ser\u00e1 mejor , pero no siempre es necesario utilizar\n                      todo el kit de productos. <\/p>\n                    <p>\n                      <br>\n                    <\/p>\n                    <p>\u00bfSe pueden combinar los bioinsumos en una misma aplicaci\u00f3n?<\/p>\n                    <p>La respuesta es &#8220;Si&#8221;, se pueden mezclar los productos sin ning\u00fan tipo de problema de sobrefertilizaci\u00f3n ya que son productos 100% org\u00e1nicos. Se pueden mezclar para su aplicaci\u00f3n siempre y cuando se respeten los productos para cada\n                      etapa. <\/p>\n                    <p>Recomendamos al momento de mezclar productos en un preparado utilizar la mitad de la dosis m\u00ednima de cada producto para un mejor aprovechamiento y rendimiento de los envases. <\/p>\n                    <p>\n                      <br>\n                    <\/p>\n                    <p>\u00bfEs posible que algunos productos contengan olor a fermento?<\/p>\n                    <p>Efectivamente algunos de nuestros productos pueden contener olor a fermentaci\u00f3n ya que son llevados a cabo en un sistema cerrado que permite la salida de aire (CO2) sin permitir la entrada de oxigeno del exterior. Es por ello que en\n                      dicha fermentaci\u00f3n el producto final contiene el caracter\u00edstico olor a fermento gracias a la acci\u00f3n de diferentes microorganismos que producen la Quelaci\u00f3n de la materia org\u00e1nica con el objetivo de ofrecer nutrientes directamente\n                      asimilable por las plantas. <\/p>\n                    <p>El olor debe ser a fermento a causa de la gran cantidad de Levaduras que contiene el producto final, similar al Vino y la Cerveza. En tal caso se debe utilizar los productos sin ning\u00fan tipo de problema ya que es el objetivo del mismo.\n                      <\/p>\n                    <p>Los productos que pueden contener dicho olor son Work of Worms, Guano Mix, Repelent y M.E.N. El resto de productos no deber\u00eda contener olor a fermento ya que no son Bi\u00f3les.<\/p>\n                    <p>Tambi\u00e9n es posible que algunos de los envases de dichos productos fermentados puedan contener un poco de hinchamiento por presi\u00f3n interna. Esto se debe a la actividad de los microorganismos dentro del envase la cual puede variar con\n                      la temperatura principalmente. <\/p>\n                    <p>\n                      <br>\n                    <\/p>\n                    <p>\u00bfEs necesario medir el PH?<\/p>\n                    <p>En el cultivo 100% org\u00e1nico regenerativo (Living Soil) no es necesario la medici\u00f3n y regulaci\u00f3n del PH ya que los microorganismos se encargan por si solos de regular el PH del medio para as\u00ed poder trabajar y desarrollarse. Algo diferente\n                      al caso en utilizaci\u00f3n de Sales donde el rango de PH debe ser controlado entre 5,5 y 7 dependiendo de la etapa de cultivo en que se encuentre. Esto es porque las plantas solo pueden absorber dichas sales en ese rango , fuera de ese\n                      rango las plantas no pueden interactuar con las sales. <\/p>\n                    <p>Esto no ocurre en el cultivo org\u00e1nico regenerativo ya que en este sistema se alimenta al suelo y no a las plantas. Luego los microorganismos son los encargados de transformar el alimento de modo que sea asimilable para las plantas.\n                      <\/p>\n                    <p>Por tal motivo en caso de utilizar nuestros productos NO es necesario la medici\u00f3n\/regulaci\u00f3n del PH siempre y cuando se sigan las reglas de trabajo de cada producto. Por lo general la mayor\u00eda de los preparados con M.E.N (IMO) suelen\n                      ser algo \u00e1cidos marcando rangos de entre 3 a 5. En caso de utilizar solamente nuestros productos Bioinsumos Living Soil no hay que preocuparse por la correcci\u00f3n del PH.<\/p>\n                  <\/div>\n                <\/div>\n              <\/div>\n            <\/div>\n          <\/div>\n        <\/div>\n      <\/div>\n    <\/div>\n  <\/div>\n<\/div>","protected":false},"excerpt":{"rendered":"<p>\u00bfEs necesario utilizar todo el kit de productos Bioinsumos Living Soil? No siempre es necesario usar todos los productos (Kit completo) , todo va a depender de el requerimiento de cada tipo de cultivo. Los 2 productos base son Guano Mix y Bokashi-MEN, con ambos es posible llevar a cabo un cultivo con \u00f3ptimos rendimientos [&hellip;]<\/p>\n","protected":false},"author":2,"featured_media":0,"parent":0,"menu_order":0,"comment_status":"closed","ping_status":"closed","template":"page-templates\/full-width-page.php","meta":{"footnotes":""},"_links":{"self":[{"href":"https:\/\/bioinsumoslivingsoil.com\/index.php?rest_route=\/wp\/v2\/pages\/558"}],"collection":[{"href":"https:\/\/bioinsumoslivingsoil.com\/index.php?rest_route=\/wp\/v2\/pages"}],"about":[{"href":"https:\/\/bioinsumoslivingsoil.com\/index.php?rest_route=\/wp\/v2\/types\/page"}],"author":[{"embeddable":true,"href":"https:\/\/bioinsumoslivingsoil.com\/index.php?rest_route=\/wp\/v2\/users\/2"}],"replies":[{"embeddable":true,"href":"https:\/\/bioinsumoslivingsoil.com\/index.php?rest_route=%2Fwp%2Fv2%2Fcomments&post=558"}],"version-history":[{"count":1,"href":"https:\/\/bioinsumoslivingsoil.com\/index.php?rest_route=\/wp\/v2\/pages\/558\/revisions"}],"predecessor-version":[{"id":562,"href":"https:\/\/bioinsumoslivingsoil.com\/index.php?rest_route=\/wp\/v2\/pages\/558\/revisions\/562"}],"wp:attachment":[{"href":"https:\/\/bioinsumoslivingsoil.com\/index.php?rest_route=%2Fwp%2Fv2%2Fmedia&parent=558"}],"curies":[{"name":"wp","href":"https:\/\/api.w.org\/{rel}","templated":true}]}}