{"id":454,"date":"2023-05-08T16:34:09","date_gmt":"2023-05-08T19:34:09","guid":{"rendered":"https:\/\/bioinsumoslivingsoil.com\/?page_id=454"},"modified":"2024-06-18T17:01:21","modified_gmt":"2024-06-18T20:01:21","slug":"bokashi-2","status":"publish","type":"page","link":"https:\/\/bioinsumoslivingsoil.com\/?page_id=454","title":{"rendered":"Bokashi"},"content":{"rendered":"<div data-colibri-id=\"454-c1\" class=\"style-794 style-local-454-c1 position-relative\">\r\n  <!---->\r\n  <div data-colibri-component=\"section\" data-colibri-id=\"454-c2\" id=\"initial-content\" class=\"h-section h-section-global-spacing d-flex align-items-lg-center align-items-md-center align-items-center style-795 style-local-454-c2 position-relative\">\r\n    <!---->\r\n    <!---->\r\n    <div class=\"h-section-grid-container h-section-boxed-container\">\r\n      <!---->\r\n      <div data-colibri-id=\"454-c3\" class=\"h-row-container gutters-row-lg-2 gutters-row-md-2 gutters-row-0 gutters-row-v-lg-2 gutters-row-v-md-2 gutters-row-v-2 style-796 style-local-454-c3 position-relative\">\r\n        <!---->\r\n        <div class=\"h-row justify-content-lg-center justify-content-md-center justify-content-center align-items-lg-stretch align-items-md-stretch align-items-stretch gutters-col-lg-2 gutters-col-md-2 gutters-col-0 gutters-col-v-lg-2 gutters-col-v-md-2 gutters-col-v-2\">\r\n          <!---->\r\n          <div class=\"h-column h-column-container d-flex h-col-lg-auto h-col-md-auto h-col-auto style-797-outer style-local-454-c4-outer\">\r\n            <div data-colibri-id=\"454-c4\" class=\"d-flex h-flex-basis h-column__inner h-px-lg-2 h-px-md-2 h-px-2 v-inner-lg-2 v-inner-md-2 v-inner-2 style-797 style-local-454-c4 position-relative\">\r\n              <!---->\r\n              <!---->\r\n              <div class=\"w-100 h-y-container h-column__content h-column__v-align flex-basis-100 align-self-lg-start align-self-md-start align-self-start\">\r\n                <!---->\r\n                <div data-colibri-id=\"454-c5\" class=\"style-798 style-local-454-c5 position-relative h-element\">\r\n                  <!---->\r\n                  <div>\r\n                    \r\n                    <div class=\"wp-block-media-text alignwide is-stacked-on-mobile\" style=\"grid-template-columns:40% auto\">\r\n                      <figure class=\"wp-block-media-text__media\">\r\n                        <img loading=\"lazy\" decoding=\"async\" width=\"1000\" height=\"700\" src=\"https:\/\/bioinsumoslivingsoil.com\/wp-content\/uploads\/2023\/05\/cropped-bokashi.png\" alt=\"\" class=\"wp-image-378 size-full\" srcset=\"https:\/\/bioinsumoslivingsoil.com\/wp-content\/uploads\/2023\/05\/cropped-bokashi.png 1000w, https:\/\/bioinsumoslivingsoil.com\/wp-content\/uploads\/2023\/05\/cropped-bokashi-600x420.png 600w, https:\/\/bioinsumoslivingsoil.com\/wp-content\/uploads\/2023\/05\/cropped-bokashi-300x210.png 300w, https:\/\/bioinsumoslivingsoil.com\/wp-content\/uploads\/2023\/05\/cropped-bokashi-768x538.png 768w\" sizes=\"(max-width: 1000px) 100vw, 1000px\" \/>\r\n                      <\/figure>\r\n                      <div class=\"wp-block-media-text__content\">\r\n                        \r\n                        <p>Producto 100% Org\u00e1nico: Fermentaci\u00f3n aer\u00f3bica (Termofila) de cada uno de sus compuestos. Presenta Bovinaza, Equinaza, Caprinaza, Aserr\u00edn, Tierra Virgen, y Harina de Alfalfa.<\/p>\r\n                        \r\n\r\n                        \r\n                        <p>Aporta Materia Org\u00e1nica, Microorganismos y Minerales (Micronutrientes) directamente asimilables para las plantas.<\/p>\r\n                        \r\n\r\n                        \r\n                        <p>&#8211; Los animales que aportan la materia org\u00e1nica (Guano) son alimentados a monte en la zona del cuyo, es decir, sin aditivos en la alimentaci\u00f3n. Por su parte el aserr\u00edn es recolectado como &#8220;desperdicio&#8221; de otras industrias contaminantes\r\n                          como la tala indiscriminada de arboles del monte nativo. Garantizando de esta forma en nuestro Bokashi un producto de certificaci\u00f3n org\u00e1nica.<\/p>\r\n                        \r\n                      <\/div>\r\n                    <\/div>\r\n                    \r\n\r\n                    \r\n                    <p><\/p>\r\n                    \r\n\r\n                    \r\n                    <p>&#8211; Bokashi se lleva a cabo a trav\u00e9s de un proceso de compostaje y fermentaci\u00f3n aer\u00f3bica en donde controladamente se eleva la temperatura de la pila de bioinsumos entre los 55\u00b0 a 65\u00b0 grados cent\u00edgrados. Esto es llevado a cabo gracias\r\n                      al trabajo de los microorganismos que permiten al final del proceso eliminar hongos pat\u00f3genos como el Fusarium entre otros.<\/p>\r\n                    \r\n\r\n                    \r\n                    <p>&#8211; Funciona para recuperar suelos que presentan poca materia org\u00e1nica disponible para ser asimilada. Ideal para recuperar sustratos reutilizados y mejorar estructura de suelos.<\/p>\r\n                    \r\n\r\n                    \r\n                    <p>&#8211; \u00b7Aplicaci\u00f3n: La activaci\u00f3n liquida se puede comenzar a aplicar a partir de los 10 d\u00edas de nacimiento de la pl\u00e1ntula. En riego se puede aplicar hasta 10 d\u00edas antes de la cosecha y foliar solo hasta prefloraci\u00f3n. Realizando aplicaciones\r\n                      cada 7 a 10 d\u00edas aproximadamente dependiendo del requerimiento nutricional de cada cultivo.<\/p>\r\n                    \r\n\r\n                    \r\n                    <p>&#8211; Dosis en sustrato: Mezclar de 3% a 5% de Bokashi-MEN en el sustrato a preparar. Tambi\u00e9n se puede aplicar con tecnica Top Dress en la superficie del sustrato\/suelo cada 15 d\u00edas o en cada trasplante. La cantidad depende de la necesidad\r\n                      nutricional del cultivo a realizar.<\/p>\r\n                    \r\n\r\n                    \r\n                    <p>&#8211; Activaci\u00f3n Liquida: Agregar 3 a 5 gramos por litro de agua (Una cucharada), dejando macerar por 24 hs sin exposici\u00f3n directa de la luz. Se recomienda agregar 2 cc por litro de Sugar Living Soil, y utilizar agua sin cloro. (Agua de\r\n                      lluvia o en su defecto si es del grifo dejar reposar 24 hs antes del preparado para evaporar el Cloro).<\/p>\r\n                    \r\n\r\n                    \r\n                    <ul>\r\n                      \r\n                      <li>Disponible en 2 L<\/li>\r\n                      \r\n                    <\/ul>\r\n                    \r\n\r\n                    \r\n                    <p>Peso: 1000 gr aproximadamente.<\/p>\r\n                    \r\n                  <\/div>\r\n                <\/div>\r\n                <div data-colibri-id=\"454-c6\" class=\"h-x-container style-799 style-local-454-c6 position-relative h-element\">\r\n                  <!---->\r\n                  <div class=\"h-x-container-inner style-dynamic-454-c6-group style-799-spacing style-local-454-c6-spacing\"><span class=\"h-button__outer style-800-outer style-local-454-c7-outer d-inline-flex h-element\"><a h-use-smooth-scroll=\"true\" href=\"https:\/\/bioinsumoslivingsoil.com\/?post_type=product\"  data-colibri-id=\"454-c7\" class=\"d-flex w-100 align-items-center h-button justify-content-lg-center justify-content-md-center justify-content-center style-800 style-local-454-c7 position-relative\"><!----><!----> <span>Ver en la tienda<\/span><\/a>\r\n                    <\/span>\r\n                  <\/div>\r\n                <\/div>\r\n              <\/div>\r\n            <\/div>\r\n          <\/div>\r\n        <\/div>\r\n      <\/div>\r\n    <\/div>\r\n  <\/div>\r\n<\/div>","protected":false},"excerpt":{"rendered":"<p>Producto 100% Org\u00e1nico: Fermentaci\u00f3n aer\u00f3bica (Termofila) de cada uno de sus compuestos. Presenta Bovinaza, Equinaza, Caprinaza, Aserr\u00edn, Tierra Virgen, y Harina de Alfalfa. Aporta Materia Org\u00e1nica, Microorganismos y Minerales (Micronutrientes) directamente asimilables para las plantas. &#8211; Los animales que aportan la materia org\u00e1nica (Guano) son alimentados a monte en la zona del cuyo, es decir, [&hellip;]<\/p>\n","protected":false},"author":2,"featured_media":378,"parent":0,"menu_order":0,"comment_status":"closed","ping_status":"closed","template":"page-templates\/full-width-page.php","meta":{"footnotes":""},"_links":{"self":[{"href":"https:\/\/bioinsumoslivingsoil.com\/index.php?rest_route=\/wp\/v2\/pages\/454"}],"collection":[{"href":"https:\/\/bioinsumoslivingsoil.com\/index.php?rest_route=\/wp\/v2\/pages"}],"about":[{"href":"https:\/\/bioinsumoslivingsoil.com\/index.php?rest_route=\/wp\/v2\/types\/page"}],"author":[{"embeddable":true,"href":"https:\/\/bioinsumoslivingsoil.com\/index.php?rest_route=\/wp\/v2\/users\/2"}],"replies":[{"embeddable":true,"href":"https:\/\/bioinsumoslivingsoil.com\/index.php?rest_route=%2Fwp%2Fv2%2Fcomments&post=454"}],"version-history":[{"count":3,"href":"https:\/\/bioinsumoslivingsoil.com\/index.php?rest_route=\/wp\/v2\/pages\/454\/revisions"}],"predecessor-version":[{"id":946,"href":"https:\/\/bioinsumoslivingsoil.com\/index.php?rest_route=\/wp\/v2\/pages\/454\/revisions\/946"}],"wp:featuredmedia":[{"embeddable":true,"href":"https:\/\/bioinsumoslivingsoil.com\/index.php?rest_route=\/wp\/v2\/media\/378"}],"wp:attachment":[{"href":"https:\/\/bioinsumoslivingsoil.com\/index.php?rest_route=%2Fwp%2Fv2%2Fmedia&parent=454"}],"curies":[{"name":"wp","href":"https:\/\/api.w.org\/{rel}","templated":true}]}}