{"id":426,"date":"2023-05-08T16:12:39","date_gmt":"2023-05-08T19:12:39","guid":{"rendered":"https:\/\/bioinsumoslivingsoil.com\/?page_id=426"},"modified":"2024-04-28T15:09:06","modified_gmt":"2024-04-28T18:09:06","slug":"work-of-worms","status":"publish","type":"page","link":"https:\/\/bioinsumoslivingsoil.com\/?page_id=426","title":{"rendered":"Work Of Worms"},"content":{"rendered":"<div data-colibri-id=\"426-c1\" class=\"style-559 style-local-426-c1 position-relative\">\n  <!---->\n  <div data-colibri-component=\"section\" data-colibri-id=\"426-c2\" id=\"initial-content\" class=\"h-section h-section-global-spacing d-flex align-items-lg-center align-items-md-center align-items-center style-560 style-local-426-c2 position-relative\">\n    <!---->\n    <!---->\n    <div class=\"h-separator\" style=\"height: 100px; bottom: calc(0px);\">\n      <svg style=\"fill:#00bf87;transform:rotateX(180deg);\" xmlns=\"http:\/\/www.w3.org\/2000\/svg\" viewBox=\"0 0 1000 100\" preserveAspectRatio=\"none\">\n        <g opacity=\"0.33\">\n          <path d=\"M385.42,52.92c-11.63,4.22-23.18,9-34.52,14.38-103.18,49-91.83-33.55-148.36-.49,50.13,17.35,121.87,64.84,270.46.49,11-4.7,64.52-25.43,118-41.8-4-.52-8.45-.95-13.41-1.28C507.83,41.64,455.4,71.84,385.42,52.92Z\" transform=\"translate(0 0)\" style=\"isolation:isolate\"><\/path>\n          <path d=\"M0,59.7S48.08,103,116.06,83.43C54.25,76.6,0,39.8,0,39.8Z\" transform=\"translate(0 0)\" style=\"isolation:isolate\"><\/path>\n          <path d=\"M916.4,48.1c-55.76,5.45-76.83,2-111.28-7.81-3.09,1.4-6.07,2.81-9,4.22,13.93,8.57,25.54,16.74,33.15,22.39,13,9.8,43,25.4,75.8,22.1S1000,59.7,1000,59.7V36.5s-6.87-4.5-21.48-9.06C966,36.56,946.56,45.15,916.4,48.1Z\" transform=\"translate(0 0)\" style=\"isolation:isolate\"><\/path>\n        <\/g>\n        <g opacity=\"0.66\">\n          <path d=\"M771.65,30.49,766.1,28.9c-55-15.81-99.84-18-138.66-13.76a368.79,368.79,0,0,0-49.81,9.08c5,.33,9.44.76,13.41,1.28a89.13,89.13,0,0,1,13.86,2.7C656.8,44.1,688.5,67.3,734,67.3c19.82,0,38-11.12,62.15-22.79,2.9-1.41,5.88-2.82,9-4.22C795.39,37.52,784.59,34.23,771.65,30.49Z\"\n            transform=\"translate(0 0)\"><\/path>\n          <path d=\"M371,48.4C242,1.8,242,5.4,184.8,20.6,128,35.8,132.3,44.9,89.9,52.5,28.6,63.7,0,0,0,0V39.8S54.25,76.6,116.06,83.43c28.46,3.15,58.53-.05,85.64-16.13l.84-.49c56.53-33.06,45.18,49.44,148.36.49,11.34-5.38,22.89-10.16,34.52-14.38Q378.34,51,371,48.4Z\"\n            transform=\"translate(0 0)\"><\/path>\n          <path d=\"M978.52,27.44C993.13,32,1000,36.5,1000,36.5V0S996.54,14.27,978.52,27.44Z\" transform=\"translate(0 0)\"><\/path>\n        <\/g>\n        <path d=\"M0,0S28.6,63.7,89.9,52.5c42.4-7.6,38.1-16.7,94.9-31.9C242,5.4,242,1.8,371,48.4q7.33,2.61,14.42,4.52c70,18.92,122.41-11.28,192.21-28.7a368.79,368.79,0,0,1,49.81-9.08c38.82-4.21,83.68-2.05,138.66,13.76l5.55,1.59c12.94,3.74,23.74,7,33.47,9.8,34.45,9.83,55.52,13.26,111.28,7.81,30.16-3,49.63-11.54,62.12-20.66C996.54,14.27,1000,0,1000,0Z\"\n          transform=\"translate(0 0)\"><\/path>\n      <\/svg>\n    <\/div>\n    <div class=\"h-section-grid-container h-section-boxed-container\">\n      <!---->\n      <div data-colibri-id=\"426-c3\" class=\"h-row-container gutters-row-lg-2 gutters-row-md-2 gutters-row-0 gutters-row-v-lg-2 gutters-row-v-md-2 gutters-row-v-2 style-561 style-local-426-c3 position-relative\">\n        <!---->\n        <div class=\"h-row justify-content-lg-center justify-content-md-center justify-content-center align-items-lg-stretch align-items-md-stretch align-items-stretch gutters-col-lg-2 gutters-col-md-2 gutters-col-0 gutters-col-v-lg-2 gutters-col-v-md-2 gutters-col-v-2\">\n          <!---->\n          <div class=\"h-column h-column-container d-flex h-col-lg-auto h-col-md-auto h-col-auto style-562-outer style-local-426-c4-outer\">\n            <div data-colibri-id=\"426-c4\" class=\"d-flex h-flex-basis h-column__inner h-px-lg-2 h-px-md-2 h-px-2 v-inner-lg-2 v-inner-md-2 v-inner-2 style-562 style-local-426-c4 position-relative\">\n              <!---->\n              <!---->\n              <div class=\"w-100 h-y-container h-column__content h-column__v-align flex-basis-100 align-self-lg-start align-self-md-start align-self-start\">\n                <!---->\n                <div data-colibri-id=\"426-c5\" class=\"style-563 style-local-426-c5 position-relative h-element\">\n                  <!---->\n                  <div>\n                    \n                    <div class=\"wp-block-columns is-layout-flex wp-container-core-columns-is-layout-1 wp-block-columns-is-layout-flex\">\n                      \n                      <div class=\"wp-block-column is-layout-flow wp-block-column-is-layout-flow\" style=\"flex-basis:100%\">\n                        \n                        <div class=\"wp-block-media-text alignwide is-stacked-on-mobile\" style=\"grid-template-columns:37% auto\">\n                          <figure class=\"wp-block-media-text__media\">\n                            <img loading=\"lazy\" decoding=\"async\" width=\"701\" height=\"699\" src=\"https:\/\/bioinsumoslivingsoil.com\/wp-content\/uploads\/2023\/05\/cropped-work-of-worms-Para-web-1.png\" alt=\"\" class=\"wp-image-396 size-full\" srcset=\"https:\/\/bioinsumoslivingsoil.com\/wp-content\/uploads\/2023\/05\/cropped-work-of-worms-Para-web-1.png 701w, https:\/\/bioinsumoslivingsoil.com\/wp-content\/uploads\/2023\/05\/cropped-work-of-worms-Para-web-1-300x300.png 300w, https:\/\/bioinsumoslivingsoil.com\/wp-content\/uploads\/2023\/05\/cropped-work-of-worms-Para-web-1-100x100.png 100w, https:\/\/bioinsumoslivingsoil.com\/wp-content\/uploads\/2023\/05\/cropped-work-of-worms-Para-web-1-600x598.png 600w, https:\/\/bioinsumoslivingsoil.com\/wp-content\/uploads\/2023\/05\/cropped-work-of-worms-Para-web-1-150x150.png 150w\" sizes=\"(max-width: 701px) 100vw, 701px\" \/>\n                          <\/figure>\n                          <div class=\"wp-block-media-text__content\">\n                            \n                            <p><\/p>\n                            \n\n                            \n                            <ul>\n                              \n                              <li>Producto 100% Org\u00e1nico: Bi\u00f3l elaborado a partir de Lixiviado de nuestro Lombricompost rico en materia org\u00e1nica, \u00e1cidos h\u00famicos, f\u00falvicos, macronutrientes y microorganismos. El mismo es mejorado con un agregado de extracto\n                                de plantas recolectadas del monte nativo del cuyo (Diente de Leon &#8211; Taraxacum , Ortiga &#8211; Urtica , Llanten &#8211; Plantago, etc), Calcio Soluble (WCaS), Extracto H\u00famico (Hum\u00e1to) rico en Nitr\u00f3geno (N) y Potasio (K), Bacterias\n                                Acido L\u00e1cticas (LAB), y MEN (Microorganismos Eficientes Nativos).<\/li>\n                              \n                            <\/ul>\n                            \n                          <\/div>\n                        <\/div>\n                        \n                      <\/div>\n                      \n                    <\/div>\n                    \n\n                    \n                    <p>-El Lixiviado es obtenido a partir de Lombrices Rojas Californianas (Eisenia) que descomponen la materia org\u00e1nica (Guano de Cabra principalmente). Los animales que aportan la materia org\u00e1nica (Guano) a las lombrices son alimentados\n                      de manera natural, es decir, a monte. Sin aditivos en la alimentaci\u00f3n que puedan alterar el producto final. Garantizando un producto 100% Agroecol\u00f3gico. El mismo es usado como base en la fermentaci\u00f3n anaer\u00f3bica y mejorado con el\n                      objetivo de lograr un optimo producto destinado a la etapa vegetativa\/crecimiento.\n                      <br>Las plantas recolectadas del monte nativo producen una mayor resistencia de las plantas frente a plagas y pat\u00f3genos ademas de aportar vitaminas. El extracto h\u00famico (Hum\u00e1to) ofrece mayor disponibilidad de \u00e1cidos h\u00famicos y f\u00falvicos,\n                      adem\u00e1s de aportar gran cantidad de Nitr\u00f3geno (N) y Potasio (K).\n                      <br>El Calcio Soluble es obtenido de cascaras de huevos de producci\u00f3n regenerativa a campo con gallinas de libre pastoreo, los mismos son carbonizados y solubilizados en nuestro vinagre (T\u00e9cnica KNF).\n                      <br>Finalmente todo es inoculado con Bacterias Acido L\u00e1cticas (LAB) y Microorganismo Eficientes Nativos (MEN) antes de ser colocado en el Biofermentador de sistema cerrado que permite la salida del CO2 sin permitir la entrada de O2.<\/p>\n                    \n\n                    \n                    <ul>\n                      \n                      <li>Su formula \u00fanica en el mercado permite aportar nutrientes directamente asimilables para las plantas de manera natural\/ecol\u00f3gica. Presentando una r\u00e1pida asimilaci\u00f3n de los mismos.<\/li>\n                      \n\n                      \n                      <li>Otorga mayor resistencia contra las plagas y pat\u00f3genos<\/li>\n                      \n\n                      \n                      <li>Regula el PH del sustrato.<\/li>\n                      \n\n                      \n                      <li>Aporta tanto Macronutrientes (N, P y K) , Materia Org\u00e1nica y Microorganismos.<\/li>\n                      \n\n                      \n                      <li>NPK promedio 5\/3\/4<\/li>\n                      \n\n                      \n                      <li>No sobrefertiliza ni quema las plantas.<\/li>\n                      \n\n                      \n                      <li>Funciona para recuperar suelos que presentan poca materia org\u00e1nica disponible para ser asimilada.<\/li>\n                      \n\n                      \n                      <li>Rico en \u00e1cidos H\u00famicos y F\u00falvicos, quienes estimulan el crecimiento de la ra\u00edz.<\/li>\n                      \n                    <\/ul>\n                    \n\n                    \n                    <p>Aplicaci\u00f3n:<\/p>\n                    \n\n                    \n                    <ul>\n                      \n                      <li>Agitar bien antes de cada uso<\/li>\n                      \n\n                      \n                      <li>A partir de los 7 d\u00edas del nacimiento de la pl\u00e1ntula. Aplicando cada 7 d\u00edas aproximadamente , dependiendo de el requerimiento nutricional del cultivo a realizar.<\/li>\n                      \n\n                      \n                      <li>Foliar: Aplicar de manera foliar\/pulverizado hasta el comienzo de armado de los frutos (Prefloraci\u00f3n).<\/li>\n                      \n\n                      \n                      <li>Riego: Se puede aplicar en riego hasta 10 d\u00edas antes de cosechar en caso de no utilizar un fertilizante espec\u00edfico de floraci\u00f3n (Boost Friut).\n                        <br>Dosis:<\/li>\n                      \n\n                      \n                      <li>10 a 20 cc de Work of Worms por cada (1) Litro de agua sin cloro.<\/li>\n                      \n                    <\/ul>\n                    \n\n                    \n                    <p>Se puede optar por agregar 2 cc de Sugar Living Soil , dejar reposar el preparado mas de 12 hs sin exposici\u00f3n directa de la luz, con aireador y\/o bomba de agua que permita oxigenar el preparado.<\/p>\n                    \n\n                    \n                    <p>Envases Disponibles:<\/p>\n                    \n\n                    \n                    <ul>\n                      \n                      <li>200 cc: 250-300 gr aprox.<\/li>\n                      \n\n                      \n                      <li>500 cc: 500-600 gr aprox.<\/li>\n                      \n                    <\/ul>\n                    \n                  <\/div>\n                <\/div>\n                <div data-colibri-id=\"426-c6\" class=\"h-x-container style-792 style-local-426-c6 position-relative h-element\">\n                  <!---->\n                  <div class=\"h-x-container-inner style-dynamic-426-c6-group style-792-spacing style-local-426-c6-spacing\"><span class=\"h-button__outer style-793-outer style-local-426-c7-outer d-inline-flex h-element\"><a h-use-smooth-scroll=\"true\" href=\"https:\/\/bioinsumoslivingsoil.com\/?post_type=product\"  data-colibri-id=\"426-c7\" class=\"d-flex w-100 align-items-center h-button justify-content-lg-center justify-content-md-center justify-content-center style-793 style-local-426-c7 position-relative\"><!----><!----> <span>Ver en la tienda<\/span><\/a>\n                    <\/span>\n                  <\/div>\n                <\/div>\n              <\/div>\n            <\/div>\n          <\/div>\n        <\/div>\n      <\/div>\n    <\/div>\n  <\/div>\n<\/div>","protected":false},"excerpt":{"rendered":"<p>-El Lixiviado es obtenido a partir de Lombrices Rojas Californianas (Eisenia) que descomponen la materia org\u00e1nica (Guano de Cabra principalmente). Los animales que aportan la materia org\u00e1nica (Guano) a las lombrices son alimentados de manera natural, es decir, a monte. Sin aditivos en la alimentaci\u00f3n que puedan alterar el producto final. Garantizando un producto 100% [&hellip;]<\/p>\n","protected":false},"author":2,"featured_media":396,"parent":0,"menu_order":0,"comment_status":"closed","ping_status":"closed","template":"page-templates\/full-width-page.php","meta":{"footnotes":""},"_links":{"self":[{"href":"https:\/\/bioinsumoslivingsoil.com\/index.php?rest_route=\/wp\/v2\/pages\/426"}],"collection":[{"href":"https:\/\/bioinsumoslivingsoil.com\/index.php?rest_route=\/wp\/v2\/pages"}],"about":[{"href":"https:\/\/bioinsumoslivingsoil.com\/index.php?rest_route=\/wp\/v2\/types\/page"}],"author":[{"embeddable":true,"href":"https:\/\/bioinsumoslivingsoil.com\/index.php?rest_route=\/wp\/v2\/users\/2"}],"replies":[{"embeddable":true,"href":"https:\/\/bioinsumoslivingsoil.com\/index.php?rest_route=%2Fwp%2Fv2%2Fcomments&post=426"}],"version-history":[{"count":6,"href":"https:\/\/bioinsumoslivingsoil.com\/index.php?rest_route=\/wp\/v2\/pages\/426\/revisions"}],"predecessor-version":[{"id":939,"href":"https:\/\/bioinsumoslivingsoil.com\/index.php?rest_route=\/wp\/v2\/pages\/426\/revisions\/939"}],"wp:featuredmedia":[{"embeddable":true,"href":"https:\/\/bioinsumoslivingsoil.com\/index.php?rest_route=\/wp\/v2\/media\/396"}],"wp:attachment":[{"href":"https:\/\/bioinsumoslivingsoil.com\/index.php?rest_route=%2Fwp%2Fv2%2Fmedia&parent=426"}],"curies":[{"name":"wp","href":"https:\/\/api.w.org\/{rel}","templated":true}]}}